06. What is l(c)?
-2
Let w(x) = -2*x - 2. Suppose -5*m + 206 = 3*i - 116, 5*i - 3*m - 480 = 0. Let k = i - 97. Determine w(k).
-6
Let h(x) = 9 + x**2 - 2 + 3 + 10*x. Let d be 12*1/(24/4). Suppose d*s + 29 = -0*s + 3*w, 4*w = -2*s + 6. Give h(s).
-11
Let w(c) = -c**3 + 7*c**2. Suppose 2*d + 6*b - 3*b - 23 = 0, 0 = -2*b - 6. Suppose 214*h = 228*h - 322. Let o = h - d. Give w(o).
0
Let m(l) = l - 2. Suppose -4*j + 3 + 5 = 0. Let z(n) = -131*n - 1310. Let w be z(-10). Suppose w = j*u + u + u. What is m(u)?
-2
Let a = 615 - 613. Suppose -a*b + 12 = w, 0 = 12*w - 11*w. Let g(r) = 2*r + 6*r**2 + 0*r + 2*r**3 - 5 - 3*r**3. What is g(b)?
7
Let x(l) be the second derivative of -l**3/6 - 7*l**2 - 147*l + 47. Suppose 5*g = g - 48. Calculate x(g).
-2
Let t(p) = p**2 + 5*p - 14. Suppose 5*g = 3*z + 9, -79*z + 2*g = -74*z + 34. What is t(z)?
10
Let k(p) be the first derivative of -p**3/3 + 5*p**2/2 - 5*p - 10151. Determine k(-5).
-55
Let a be ((-96)/128)/((-7)/56*-2). Let p(g) = -9*g**2 + 5*g + 5. Give p(a).
-91
Let x(f) = 45*f**2 - 15*f - 31. Let y(l) = 8*l**2 - 2*l - 4. Let k(i) = -x(i) + 6*y(i). Determine k(4).
67
Suppose -9*j + 103*j = -624 + 60. Let y(a) = 2*a**3 + 12*a**2 - 5*a - 19. Give y(j).
11
Suppose 26*x - 31*x = -45. Let f(z) = -11*z - 3. Let w(l) = 5*l + 1. Let h(q) = x*w(q) + 4*f(q). Let v = -56 + 59. Give h(v).
0
Let f(q) = -64*q - 61. Let u(n) = -85*n - 66. Let s(p) = -4*f(p) + 3*u(p). Calculate s(-14).
32
Let f(s) = s**3 - 32*s**2 + 66*s - 173. Let w be f(30). Let l(o) = -o**2 + 3*o - 14. Give l(w).
-42
Let q(p) be the second derivative of -p**3/6 - 5*p**2/2 + 2*p - 2. Suppose 0 = 6*a + 47 + 25. Determine q(a).
7
Let j(k) = -66 - 215 + 63 - 227 + 13*k + 51. Determine j(31).
9
Let b(s) be the second derivative of -s**6/120 - s**5/15 - s**4/12 - 2*s**3/3 + 61*s**2/2 + 9*s + 2. Let o(l) be the first derivative of b(l). Calculate o(-3).
-7
Let i(p) be the third derivative of p**7/1008 - p**6/240 + 2*p**5/5 - 132*p**2 + 2*p. Let n(m) be the third derivative of i(m). Calculate n(4).
17
Let v(k) = -k**3 - k**2 + 12*k + 2. Let u be v(0). Let a(d) = -d**2 - 3*d. Determine a(u).
-10
Let g(v) = -v**3 + 5*v**2 - 5*v. Let m be g(3). Let w(d) = d**2 + 2*d - 9. Let h be w(m). Let f(u) = -u**2 + 2*u - 7. Calculate f(h).
-31
Let p(i) = -i**2 + i**2 + 1 + i + 0 + i**2. Suppose 10*s + 132 + 48 = 0. Let v = -21 - s. Determine p(v).
7
Let l = -23 + 32. Suppose -l = -4*y + 11. Let t(z) = -6*z + 10. Let a(i) = i - 2. Let g(x) = -14*a(x) - 3*t(x). Calculate g(y).
18
Let y(x) = -x + 1. Let u(z) = -13*z**2 + 79*z - 10. Suppose -30 = 4*n - 9*n. Let o be u(n). What is y(o)?
5
Suppose 3*n + 3*c = 4*c + 8, -2*c = -2*n. Let d(m) = 3*m - 8. Give d(n).
4
Let d(v) be the first derivative of 67*v**2/2 + 3*v - 3053. What is d(1)?
70
Let u(p) be the first derivative of 9*p - 67 - 1/2*p**2. Determine u(6).
3
Let o(n) = 2*n**2 - 2*n. Suppose -2*q = 3 - 9. Suppose -3*t = -q*m + 2*m + 21, -3*m = 0. Let w(j) = j**2 - j. Let y(d) = t*w(d) + 3*o(d). Determine y(1).
0
Let y(t) be the first derivative of 3*t**4/2 - 32*t**3/3 + 11*t**2/2 - 10*t - 5527. Determine y(5).
-5
Suppose 3*q = -3*o - 19 + 4, -5*q - 3*o - 23 = 0. Let f(d) = -6*d - 2. Let y(i) = 4*i + 1. Let k(g) = q*f(g) - 5*y(g). Let r be (-2)/6 + (-26)/(-6). Give k(r).
19
Suppose -5*t = -4*b + 50, 0 = -6*b + 4*b + 4*t + 22. Suppose 4*d + 10 = 2*a, 14*a - 5*d = 11*a + b. Let u(i) = -i**3 + 5*i**2 - 2. Calculate u(a).
-2
Let g(o) = -3*o - 6. Let k be (-102)/85 + 8/(-10) - 0. What is g(k)?
0
Let p(t) = 280*t - 16235. Let d be p(58). Let g(q) = -2*q + 0 + 6*q + 2. What is g(d)?
22
Let y(l) = 35*l**2 + 3*l + 3. Let r(q) = -6*q - 12*q**2 + 19*q - 5*q - 1 - 9*q. Let k(t) = -17*r(t) - 6*y(t). Suppose -2 - 3 = 5*h. What is k(h)?
-6
Let b = -15120 - -15095. Let f(y) = -6*y - 141. Give f(b).
9
Let c(p) = 86*p + p**3 - 20*p**2 + 13*p**2 + 2 - 92*p + 13*p**2. Give c(-7).
-5
Let k(n) = -239*n - 3580. Let z be k(-15). Let a(b) = b**3 - b**2 - 21*b. Determine a(z).
-5
Let q(s) be the third derivative of -s**4/4 - 23*s**3/3 + 12*s**2 - 77*s. Determine q(-7).
-4
Let s be (89694/374)/27 + 6/51. Let k(c) = -8*c + 12. Give k(s).
-60
Let q = -33 - -46. Suppose 0 = -q*f + 14*f - 2. Let i(b) = -4 + 4*b**f - b**2 - 4*b**2 + 7. What is i(-3)?
-6
Let j be (8/6)/((-4)/30). Let t(u) = u + 16. Let m be t(j). Let d(x) = -9 + 6 - x**3 - m*x**2 + 7*x**2 + x + 5*x**2. Give d(6).
3
Let i be (2/(-10))/(5/125). Let n(d) = d**3 + 5*d**2 - 3*d - 19. Determine n(i).
-4
Let y be (1732/(-3031))/(-2*(-3)/42). Let j(n) = -7*n - 39. Calculate j(y).
-11
Let y(i) = 11*i - i**3 - 659 + 1354 - 702. Let k(n) = -n**2 + n. Suppose -4*x - 4 = -0. Let h(z) = x*y(z) + 5*k(z). Give h(6).
7
Let z = -1 - -5. Let c = -9041 + 9039. Let h be c - (7 - (-1 + z)). Let t(l) = l - 8. Determine t(h).
-14
Let l(r) = -2*r - 5. Let m(f) = 4*f + 17. Let n be m(-3). Suppose 0 = -5*q + n, -2*q = 4*d - 5*d - 6. What is l(d)?
3
Let b = -6807 + 6804. Let i(o) = -2*o**2 - 6*o - 10. Give i(b).
-10
Suppose 77 = 4*i + 5. Suppose o + 3 = 0, 4*w - w - 3*o = i. Let h(u) = -u + 106 + w*u - 109 - u. What is h(-8)?
-11
Suppose -b + 17 + 3 = 0. Let w(c) = 2*c - b*c + 8*c + 9*c. Suppose -3*k - 17 = -2*d - 4*k, -25 = -5*k. What is w(d)?
-6
Let d be (-6)/9 - 8/(-12). Suppose d*r = r. Let g(z) = z**2 - 17 - 18 + z - 3 - 2*z**2 + 35 + z**3. Calculate g(r).
-3
Let q(i) = -457*i - 3187. Let u be q(-7). Let g(v) be the first derivative of -v**4/4 + 13*v**3/3 - 7*v**2 + 20*v + 9. Calculate g(u).
-4
Let u(q) be the second derivative of -q**4/6 - 5*q**3/6 - q**2/2 + 3*q. Let b = 827 + -1173. Let i = 342 + b. Determine u(i).
-13
Let d(a) = -6*a - 7. Let b(v) be the first derivative of v**2/2 - v + 30. Let j(s) = 3*b(s) + d(s). What is j(-7)?
11
Let s(d) be the third derivative of -d**7/5040 + 19*d**5/60 - d**3/3 - 22*d**2 - d. Let l(z) be the third derivative of s(z). What is l(9)?
-9
Let d(k) be the second derivative of -k**5/20 + 5*k**4/12 + k**3/3 + k**2/2 - 4*k + 9. Suppose 4*w - 44 = -4*f, 5*w - f = -9 + 34. What is d(w)?
-23
Let z be (-3)/3*2*(-33)/(-2). Let q be (1/3 - -1)*z/(-22). Let i(d) = -7*d - d**2 + 7*d**2 - 7*d**2 + 2*d**q. What is i(7)?
0
Let d be 1/(3864/553 + -7). Let q = -85 - d. Let i(o) = o**3 + 6*o**2 + o + 2. Calculate i(q).
-4
Let n be -31*15/20*20/(-15). Let d(x) = -x - 34 + 2*x + n + 2*x. Calculate d(5).
12
Let j = -116 - -116. Let b be 8 + 6/(j - -6). Let u(w) = -w**2 + 9*w + 8. Give u(b).
8
Let f(q) = -6*q**2 + 2*q - 1. Let c(v) = 5*v**2 - 3*v + 3. Suppose 3*u + 3*d = -27, 4*d = 5*u - d - 5. Let m(r) = u*f(r) - 5*c(r). What is m(8)?
-19
Let c(l) be the second derivative of -l**5/20 + 11*l**4/12 - 5*l**3/3 + 12*l**2 - 1348*l. What is c(10)?
24
Let z(q) be the second derivative of 0 - 101*q - 2*q**2 - 1/6*q**3. Determine z(-4).
0
Let h(s) = -5*s**2 + 9*s - 2. Suppose 0 = 2*m - 6, 3*d + 3*m - 5 + 8 = 0. Let l(u) = -7*u**2 + 10*u - 3. Let x(p) = d*h(p) + 3*l(p). What is x(-6)?
-1
Let c be (21/9)/((-4)/12). Let t(d) = d**2 + d - 33. Give t(c).
9
Let k(r) = 3*r**2 - 6*r + 1. Let b = -819 - -823. What is k(b)?
25
Let l = 550 - 549. Let p(s) = 31*s + 2. Calculate p(l).
33
Let n(r) = -1261 + r**3 - 27*r**2 + 29*r**2 + 1267 - 2*r + 0*r**3. Determine n(3).
45
Let k(o) = -730*o + 182*o + 184*o + 185*o + 181*o + 20. What is k(-15)?
-10
Suppose 57*t - 64*t + 413 = 0. Let f(j) = t - 27 - 30 + 3*j. What is f(5)?
17
Let s(o) = o**3 - 9*o**2 + 22*o - 48. Let v = -6392 - -6399. Calculate s(v).
8
Let p be (-3 + (-144)/(-64))/(-1 + (-22)/(-24)). Let u(d) = d. What is u(p)?
9
Let r be 143 + -186 + 26/2. Let x(t) = -t**2 - 27*t + 96. Calculate x(r).
6
Let n(m) = 17*m**2 + 20*m + 2. Let i be n(-1). Let k(b) be the first derivative of -2*b**3/3 + b - 9. Determine k(i).
-1
Let j = 83 - 34. Let y(u) = 50*u**2 - 15 - 11*u - 13 - j*u**2. Determine y(13).
-2
Let t be ((-33)/(-88))/((-5)/(-240)). Let y(f) = -f**3 + 16*f**2 + 35*f + 13. Calculate y(t).
-5
Suppose 3*g + 36 = -0*g + 3*x, 0 = g - 4*x. Let b(p) = -p**3 - 16*p**2 - 12. Give b(g).
-12
Let h = -362 + 343. Let a(k) = 3*k**2 - 15*k + 4. Let z(p) = 5*p**2 - 31*p + 7. Let o(u) = -7*a(u) + 4*z(u). Calculate o(h).
0
Let c(j) = j**3 - 25*j**2 - 26*j - 37. Let r be c(26). Let u = -31 - r. Let m(d) = 5 + 2 + u*d - 5*d + 0*d. Calculate m(-6).
1
Let q(c) = -9*c**3 + 2*c - 2.